or of m and t?
29
Let n be (-4 - -5)/(2/130). Calculate the greatest common factor of n and 45.
5
Let d be 5 + (-24)/(9/3) + 7. Suppose -4*i + 2*a = -244, -d*i + 299 = i - a. What is the highest common factor of i and 767?
59
Suppose 308*b = 9889 + 391127. What is the highest common divisor of b and 5022?
186
Let f be 1659/3 - (2 + 0)*(-305)/122. What is the highest common divisor of f and 310?
62
Let a(t) = 3*t**2 + 2*t - 5. Let k be a(-4). Let y(j) = j + 8. Let q be y(-3). Let o be q*(2/(6/99) - -2). What is the highest common factor of o and k?
35
Let t = 2945 + -2706. What is the greatest common factor of t and 35372?
239
Let q(a) = -2*a**3 - 22*a**2 + 22*a - 18. Let b = -577 - -565. Let i be q(b). Calculate the highest common factor of 15 and i.
3
Suppose 376 = -4*b + 404. Suppose 3*t + 240 = b*t. Calculate the highest common factor of t and 165.
15
Suppose 0 = 15*u + 3*u - 31390 - 15410. What is the highest common divisor of u and 200?
200
Let k be (-22)/8 - (-12)/16. Let u be 3 - (-2 + k + 2). Suppose -r + 0*r - 88 = -u*o, 2*o = -3*r + 42. Calculate the highest common divisor of 18 and o.
18
Let w(b) = -15*b + 2. Suppose -16 - 4 = 5*g. Let o be w(g). Let a(n) = 14*n + 23. Let d be a(5). What is the greatest common divisor of d and o?
31
Let m = -1642 + 2372. Let h = m + -444. Calculate the greatest common factor of 44 and h.
22
Let j be (379/758)/(1/23860). What is the greatest common divisor of 10 and j?
10
Let b = -3898 - -7162. Calculate the greatest common divisor of 612 and b.
204
Suppose 5*p - g = 403, 0 = p + 85*g - 86*g - 83. What is the greatest common factor of p and 2220?
20
Suppose 424216 = 416*k + k - 2544407. What is the greatest common factor of 113 and k?
113
Suppose 3*d = 0, -4*d - 17 = -4*m + 7. Suppose u - m*p = -4*p + 145, 3*u - 5*p = 430. What is the highest common divisor of 15 and u?
15
Suppose -2*t = -3*v - 259, 5*t + 204 = 3*v + 847. Suppose 81*q + t = 97*q. What is the greatest common divisor of 2 and q?
2
Let n = 24 - 21. Suppose n*p - 155 = -2*o + 2*p, 75 = o + p. Suppose 0 = 2*y - 5*z - 52, -5*y + 4*z = -82 - 14. What is the highest common divisor of o and y?
16
Let r(t) = 324*t**2 + 138*t - 252. Let k be r(2). What is the highest common divisor of k and 168?
24
Let k(c) be the first derivative of c**3/3 - 13*c**2 + 3*c - 21. Let j be k(26). Let m = j + -2. Calculate the highest common factor of m and 1.
1
Let x(c) = c**2 + 186*c + 1096. Let p be x(-6). Calculate the highest common factor of 27344 and p.
16
Suppose 0 = -4*w + 20, -5*u - 2*w = -0*u - 70. Let h be (18/(-70) - (-5)/(-35))*-810. Calculate the greatest common factor of u and h.
12
Let c be (-126)/(-14) - (3 + -6 - -6). Suppose s = 3 - 0. Let d be s/(-9) - (-92)/6. What is the greatest common divisor of c and d?
3
Let u = 621 + -625. Let a be 3/4 - 3*431/u. What is the highest common factor of 12 and a?
12
Suppose 5*q - 543 = 3*g, 0 = 3*q + 2*q + 2*g - 538. Let t be (267/q + (-12)/54)*4. Calculate the highest common factor of t and 24.
3
Let r be 4/(-5) - 336/(-20). Let g(i) = -15*i - 13. Let u be g(-19). Suppose -u = 43*y - 44*y. What is the highest common factor of y and r?
16
Let l = 3556 + 2330. Calculate the greatest common divisor of 109 and l.
109
Suppose 0 = 5*f + 8*f + 13 - 1625. What is the highest common divisor of 14 and f?
2
Let z(b) = -4*b + 2 - 9 + 21 - 4*b. Let h be z(7). Let k = -28 - h. What is the greatest common divisor of 2 and k?
2
Let s be (-2 + -3450)/2*(-1)/(-2). Let d = s + 924. Calculate the greatest common factor of 549 and d.
61
Let t = 19211 - 13649. Calculate the highest common divisor of t and 162.
54
Let x be 24*2/(-2 + 8). Let u(d) = d**2 - 7*d + 3. Let o be u(x). Calculate the greatest common divisor of o and 374.
11
Let h(t) = -2*t**3 - 17*t**2 - 13*t - 16. Let a be h(-9). Let s(i) = i + i**2 - 16*i - 18 + 16. Let v be s(16). What is the highest common factor of a and v?
14
Suppose 0 = -4*x + 5*l + 2946 + 2008, 3*l + 2476 = 2*x. What is the greatest common divisor of x and 68?
17
Let u be 698/10 + (-4)/5. Suppose 4*c = -5*t + u + 187, 0 = -5*t + 4*c + 264. Let r = 92 - t. What is the highest common divisor of 16 and r?
8
Let i = -409 - -413. What is the greatest common divisor of i and 3008?
4
Let z = -2439 - -3285. What is the greatest common divisor of 90 and z?
18
Suppose -14*x + 58694 = -19902. Calculate the greatest common factor of 14 and x.
14
Let k(h) = 11*h**2 + h - 40. Suppose 10 = -1200*j + 1202*j. Let x be k(j). Calculate the greatest common factor of 45 and x.
15
Suppose i = j - 684, -29*i + 28*i - 2060 = -3*j. Calculate the greatest common factor of 215 and j.
43
Suppose -682*i - 2*l = -685*i + 1599, 0 = 4*l. Calculate the greatest common factor of 328 and i.
41
Let t = -18 - -193. Let y = t - 67. Calculate the highest common factor of y and 72.
36
Suppose 0 = 2*q - 63 + 21. Let m(a) = 9*a + 19. Let h be m(q). Let v be (2/8)/(4/h) + -3. What is the highest common factor of 6 and v?
2
Let k be (-123 - 82)*(-4)/(-20)*-23. What is the highest common divisor of 205 and k?
41
Let t be 0 - (-744 - -12)/12. Calculate the greatest common factor of 1891 and t.
61
Let x(r) = r**2 + 2*r + 3. Suppose -2*u - 22 = -4*k, 5 = -u + k - 2. Let n be x(u). Let j = n - -5. What is the highest common divisor of j and 88?
11
Suppose -3*v = q, -4*q + v + 2*v + 30 = 0. Let c be 4/2 + (18/q - 4). What is the highest common divisor of 8 and c?
1
Let h(p) = -p**3 - 5*p**2 + 9*p + 23. Let j be h(-6). Suppose 50 - 855 = -j*k. What is the highest common divisor of k and 14?
7
Suppose 1445*t - 1450*t + 1093 = -2*b, -2*b = 3*t - 659. Suppose -191 = -k - 3*a - 45, -k = -2*a - 146. Calculate the greatest common divisor of k and t.
73
Let y = 1392 - 1381. Let z = 16 + -14. Calculate the greatest common divisor of z and y.
1
Suppose 0 = -109*h - 327*h + 63656. What is the greatest common factor of h and 39274?
146
Suppose 9*v = 14*v - 60. Let i = 113 - v. Let a = i + 4. Calculate the highest common factor of 42 and a.
21
Let p = -3917 - -3968. Calculate the highest common factor of 21981 and p.
51
Let i(k) = -851*k + 1940. Let w be i(-7). Calculate the highest common divisor of w and 318.
53
Let d(o) = o**3 + 6*o**2 + 11*o + 10. Let q be d(-3). Suppose -5*u - 77 = -z + 38, 2*z = -q*u + 216. What is the highest common factor of 20 and z?
10
Let k = -11 - -17. Let v be 110/(-15)*(-9)/k. Suppose -4*b = 25*b - 2233. Calculate the highest common divisor of v and b.
11
Let q(n) = 15*n - 88. Let j be q(6). Suppose 523 - 71 = j*k + 2*w, 0 = 2*k + 5*w - 455. Suppose -166 = -2*o + 14. What is the highest common factor of k and o?
45
Suppose 98*c - 8708 = 3052. Calculate the greatest common divisor of c and 540.
60
Suppose 0 = -0*f + 2*f - 20. Suppose -2*w - f + 2 = 0, -2*o + 5*w + 474 = 0. Let h = -161 + o. Calculate the greatest common divisor of h and 6.
6
Let g(h) = 4*h**3 + 14*h**2 - 56*h - 16. Let n be g(5). What is the greatest common divisor of 2 and n?
2
Let q(o) = 26*o**2 + 12. Suppose 15 = -c + 6*c. Let s be q(c). Calculate the highest common factor of 12 and s.
6
Let j(o) = 2*o**3 - 11*o**2 - 6*o + 7. Let l be j(8). Let p be 32 + -14 - 16 - -29. Calculate the greatest common factor of p and l.
31
Let u be 25/2 - (-10)/(-20). Suppose u*h - 11*h = 60. Suppose 0 = -3*f + 36. What is the greatest common divisor of h and f?
12
Let d(v) = -2*v + 54. Let q be d(17). Suppose 2 = -w + q. Calculate the greatest common divisor of w and 6.
6
Let d be (-231)/(-28)*(1 + 3 + 0). Suppose -691 + 2044 = d*z. Calculate the greatest common divisor of 205 and z.
41
Let i(u) = -2*u + 536. Let n be i(-62). What is the greatest common factor of n and 924?
132
Let r be (2 - 1)*(25 - -2). Let h(y) = -y. Let u be -4*2/4*(-30)/(-20). Let z be h(u). What is the greatest common divisor of r and z?
3
Suppose 6*p = 89 + 115. Let j = 60 - p. Calculate the highest common divisor of j and 6.
2
Let c(b) = 2*b**3 + 166*b**2 + 316*b - 249. Let p be c(-81). Calculate the highest common factor of 1425 and p.
57
Let b(l) be the first derivative of -9*l**2/2 + 13*l + 25. Let k be b(-23). Suppose 7 = q - 13. What is the greatest common divisor of k and q?
20
Let h = -8 - -13. Suppose i + h*q = 115, -i + 216 = i + 3*q. Let g = -356 + 377. Calculate the highest common divi